factors of 414?
2, 3, 23
What are the prime factors of 250?
2, 5
List the prime factors of 3976.
2, 7, 71
List the prime factors of 1577.
19, 83
List the prime factors of 2414.
2, 17, 71
What are the prime factors of 13782?
2, 3, 2297
List the prime factors of 14930.
2, 5, 1493
List the prime factors of 2857.
2857
What are the prime factors of 5830?
2, 5, 11, 53
What are the prime factors of 11792?
2, 11, 67
What are the prime factors of 6866?
2, 3433
What are the prime factors of 8294?
2, 11, 13, 29
What are the prime factors of 2111?
2111
List the prime factors of 7597.
71, 107
What are the prime factors of 809?
809
List the prime factors of 654.
2, 3, 109
What are the prime factors of 12007?
12007
List the prime factors of 229.
229
List the prime factors of 3793.
3793
List the prime factors of 4382.
2, 7, 313
What are the prime factors of 3455?
5, 691
List the prime factors of 10548.
2, 3, 293
What are the prime factors of 29057?
7, 593
What are the prime factors of 102?
2, 3, 17
What are the prime factors of 2462?
2, 1231
List the prime factors of 5919.
3, 1973
List the prime factors of 9286.
2, 4643
List the prime factors of 13282.
2, 29, 229
List the prime factors of 146.
2, 73
What are the prime factors of 4067?
7, 83
List the prime factors of 3370.
2, 5, 337
List the prime factors of 12134.
2, 6067
What are the prime factors of 3341?
13, 257
List the prime factors of 63312.
2, 3, 1319
List the prime factors of 173.
173
List the prime factors of 626.
2, 313
List the prime factors of 95936.
2, 1499
List the prime factors of 19634.
2, 9817
List the prime factors of 17660.
2, 5, 883
List the prime factors of 4669.
7, 23, 29
List the prime factors of 18049.
18049
What are the prime factors of 4305?
3, 5, 7, 41
What are the prime factors of 6688?
2, 11, 19
What are the prime factors of 583?
11, 53
What are the prime factors of 1436?
2, 359
List the prime factors of 768.
2, 3
What are the prime factors of 140315?
5, 7, 19, 211
What are the prime factors of 4351?
19, 229
What are the prime factors of 286?
2, 11, 13
List the prime factors of 8320.
2, 5, 13
What are the prime factors of 1424?
2, 89
What are the prime factors of 4511?
13, 347
List the prime factors of 59081.
11, 41, 131
What are the prime factors of 87709?
139, 631
What are the prime factors of 3230?
2, 5, 17, 19
What are the prime factors of 12955?
5, 2591
List the prime factors of 212.
2, 53
List the prime factors of 35548.
2, 8887
What are the prime factors of 25016?
2, 53, 59
List the prime factors of 1853.
17, 109
What are the prime factors of 3248?
2, 7, 29
What are the prime factors of 59748?
2, 3, 13, 383
List the prime factors of 163.
163
What are the prime factors of 677?
677
List the prime factors of 60915.
3, 5, 31, 131
List the prime factors of 18720.
2, 3, 5, 13
What are the prime factors of 108459?
3, 13, 103
What are the prime factors of 3438?
2, 3, 191
List the prime factors of 1883.
7, 269
What are the prime factors of 35203?
7, 47, 107
What are the prime factors of 34650?
2, 3, 5, 7, 11
What are the prime factors of 601?
601
What are the prime factors of 1926?
2, 3, 107
List the prime factors of 91215.
3, 5, 2027
What are the prime factors of 11838?
2, 3, 1973
List the prime factors of 47497.
47497
What are the prime factors of 21116?
2, 5279
List the prime factors of 12689.
12689
What are the prime factors of 2765?
5, 7, 79
What are the prime factors of 1433?
1433
List the prime factors of 21140.
2, 5, 7, 151
List the prime factors of 41877.
3, 11, 47
List the prime factors of 122821.
263, 467
List the prime factors of 19629.
3, 727
List the prime factors of 9838.
2, 4919
List the prime factors of 704.
2, 11
What are the prime factors of 29837?
29837
List the prime factors of 2491.
47, 53
List the prime factors of 1007.
19, 53
What are the prime factors of 147042?
2, 3, 7, 389
List the prime factors of 92966.
2, 23, 43, 47
List the prime factors of 894.
2, 3, 149
What are the prime factors of 4739?
7, 677
What are the prime factors of 1198?
2, 599
List the prime factors of 68065.
5, 13613
List the prime factors of 2242.
2, 19, 59
What are the prime factors of 1146?
2, 3, 191
List the prime factors of 7305.
3, 5, 487
What are the prime factors of 230?
2, 5, 23
List the prime factors of 7097.
47, 151
What are the prime factors of 67659?
3, 19, 1187
What are the prime factors of 1633?
23, 71
What are the prime factors of 68540?
2, 5, 23, 149
List the prime factors of 677.
677
What are the prime factors of 2648?
2, 331
What are the prime factors of 1313?
13, 101
List the prime factors of 120920.
2, 5, 3023
What are the prime factors of 1257?
3, 419
What are the prime factors of 3426?
2, 3, 571
List the prime factors of 60745.
5, 12149
List the prime factors of 106741.
173, 617
What are the prime factors of 18818?
2, 97
List the prime factors of 3143.
7, 449
List the prime factors of 3384.
2, 3, 47
List the prime factors of 14173.
14173
List the prime factors of 47303.
47303
List the prime factors of 6864.
2, 3, 11, 13
List the prime factors of 11237.
17, 661
List the prime factors of 780.
2, 3, 5, 13
List the prime factors of 33401.
127, 263
List the prime factors of 64479.
3, 21493
List the prime factors of 3288.
2, 3, 137
List the prime factors of 121185.
3, 5, 2693
What are the prime factors of 20445?
3, 5, 29, 47
List the prime factors of 14635.
5, 2927
List the prime factors of 447.
3, 149
List the prime factors of 5359.
23, 233
What are the prime factors of 32?
2
List the prime factors of 12728.
2, 37, 43
List the prime factors of 61624.
2, 7703
What are the prime factors of 801?
3, 89
List the prime factors of 7781.
31, 251
What are the prime factors of 11833?
11833
What are the prime factors of 4783?
4783
List the prime factors of 156820.
2, 5, 7841
List the prime factors of 1555.
5, 311
What are the prime factors of 44095?
5, 8819
What are the prime factors of 17514?
2, 3, 7, 139
List the prime factors of 1123.
1123
List the prime factors of 3540.
2, 3, 5, 59
What are the prime factors of 6177?
3, 29, 71
What are the prime factors of 87452?
2, 21863
What are the prime factors of 6191?
41, 151
What are the prime factors of 36605?
5, 7321
What are the prime factors of 1442?
2, 7, 103
List the prime factors of 9653.
7, 197
What are the prime factors of 77447?
77447
List the prime factors of 5562.
2, 3, 103
What are the prime factors of 1441?
11, 131
List the prime factors of 2098.
2, 1049
What are the prime factors of 675?
3, 5
List the prime factors of 18207.
3, 7, 17
List the prime factors of 83836.
2, 20959
List the prime factors of 209.
11, 19
What are the prime factors of 849?
3, 283
What are the prime factors of 5262?
2, 3, 877
What are the prime factors of 22954?
2, 23, 499
What are the prime factors of 6082?
2, 3041
List the prime factors of 847.
7, 11
What are the prime factors of 11743?
11743
List the prime factors of 9913.
23, 431
What are the prime factors of 619?
619
What are the prime factors of 3076?
2, 769
List the prime factors of 1788.
2, 3, 149
What are the prime factors of 815?
5, 163
What are the prime factors of 4614?
2, 3, 769
What are the prime factors of 2305?
5, 461
What are the prime factors of 8135?
5, 1627
What are the prime factors of 40257?
3, 7, 71
What are the prime factors of 3564?
2, 3, 11
List the prime factors of 60440.
2, 5, 1511
List the prime factors of 24374.
2, 7, 1741
List the prime factors of 148.
2, 37
List the prime factors of 34.
2, 17
List the prime factors of 62.
2, 31
List the prime factors of 24555.
3, 5, 1637
What are the prime factors of 13273?
13, 1021
What are the prime factors of 1263?
3, 421
What are the prime factors of 38255?
5, 7, 1093
List the prime factors of 65.
5, 13
What are the prime factors of 3289?
11, 13, 23
List the prime factors of 7977.
3, 2659
What are the prime factors of 4406?
2, 2203
What are the prime factors of 334?
2, 167
List the prime factors of 2359.
7, 337
What are the prime factors of 22346?
2, 11173
List the prime factors of 1149.
3, 383
List the prime factors of 5514.
2, 3, 919
What are the prime factors of 4580?
2, 5, 229
What are the prime factors of 1730?
2, 5, 173
What are the prime factors of 42908?
2, 17, 631
What are the prime factors of 1562?
2, 11, 71
What are